t q = 8 - 7. Suppose i = -7 + q. Is (4/i)/(18/(-2403)) prime?
True
Suppose 5*a - 7*v - 140 = -2*v, -v - 118 = -4*a. Suppose 0 = 5*l + 4*c - 779 - a, 5*c + 478 = 3*l. Is l prime?
False
Let j = -103 - -225. Let a = j - -636. Is a prime?
False
Suppose -26*p + 202429 - 62315 = 0. Is p a composite number?
True
Let d(i) = -9142*i - 37. Is d(-14) a prime number?
True
Is 248239/11 + (-244)/1342 a prime number?
True
Let a be 0/(5/(20/8)). Suppose a = 2*m - 636 + 238. Suppose -54 = b - m. Is b a composite number?
True
Let y(k) = 45*k**3 - 5*k**2 + 12*k + 4. Let u be y(6). Suppose -o = -883 - u. Is o a composite number?
False
Let x = -69 - -76. Let i(k) be the first derivative of 11*k**2/2 + 12*k - 2. Is i(x) a prime number?
True
Let f = -23454 - -43771. Is f prime?
False
Let l(g) = -g**2 - 12*g + 10357. Is l(0) a composite number?
False
Suppose -84906 - 221451 = -17*k. Is k a composite number?
True
Let o = 15 + -19. Let x = o - -7. Suppose 4*n - 101 = -x*c, -3*c + 2*c + 3*n + 25 = 0. Is c a composite number?
False
Suppose -m + 5*m = 68196. Is m prime?
False
Let j(i) = -772*i + 2. Let t(w) = 386*w - 1. Let x be (-47)/7 - (-4)/(-14). Let c(u) = x*t(u) - 4*j(u). Is c(3) prime?
False
Let s be 112/(-14) + 4/2. Is 1257/5 + s/15 prime?
True
Let f = 12468 - 5947. Is f composite?
False
Let w = 48 + -45. Is -2 + 3 + 444/w a prime number?
True
Let b = -454 + 4977. Let f = b + -2610. Is f composite?
False
Let m(g) = -3*g + 22. Let t be m(16). Let a = -2181 - t. Let u = -1454 - a. Is u composite?
False
Is (-28)/(-7) - (-2 - 1055) prime?
True
Let f(l) = 2*l**3 + 8*l**2 + 58*l - 29. Is f(15) a composite number?
False
Suppose -4*a + a = -4*a. Suppose -1006 = 4*i + 5*s - 5257, -i + s + 1074 = a. Is i prime?
True
Let x(g) be the first derivative of -9*g**2/2 + 35*g + 29. Is x(-24) composite?
False
Let r(b) = -7*b**3 - 4*b**2 + 12*b + 14. Is r(-9) composite?
True
Suppose 0*o + o + 8 = q, 19 = -2*o + 3*q. Let g(s) be the third derivative of s**5/2 + s**4/8 + 2*s**3/3 - 11*s**2. Is g(o) prime?
True
Let j(z) = 2*z**2 - 4*z - 1. Let i be j(2). Is (-1)/(6/(-944)) - i/(-3) composite?
False
Suppose -7*s + 1971 = 2*s. Is s composite?
True
Let y(x) = x**3 + 8*x**2 + 25*x - 57. Is y(13) a prime number?
False
Let k be (-34)/6 - 8/6. Let z be 3/(18/8)*-240. Is z/k + 6/21 a composite number?
True
Let c(v) = -v**3 + 3*v**2 + 3*v - 7. Let k be c(3). Is -254*(k - (-15)/(-6)) composite?
False
Let w(m) = m**2 + m + 1. Let o(y) = -6*y**2 - 8*y + 2. Let p(t) = o(t) + 3*w(t). Let z(f) be the first derivative of p(f). Is z(-4) prime?
True
Suppose 23*r = -15*r + 1442138. Is r prime?
True
Let o be (6/4)/(27/36). Suppose -2*j - 2*j = -7820. Suppose -o*w - 3*w + j = 0. Is w composite?
True
Suppose -38*h + 53*h - 138495 = 0. Is h prime?
False
Let z(a) = 62*a**3 - 4*a**2 + 3*a - 1. Let u be 24/10 - (-15)/25. Suppose 0 = i + 1, 2*t + 13 = 7*t - u*i. Is z(t) composite?
True
Let f(r) = -29*r**3 + 2*r**2 + 2*r - 2. Let a be f(1). Suppose 0 = -2*x - 12 + 164. Let t = x + a. Is t composite?
True
Let r(k) = -9*k**2 + 34*k - 4. Let w(c) = 5*c**2 - 17*c + 2. Let m(x) = -3*r(x) - 5*w(x). Is m(24) composite?
True
Let c(r) = -36*r**3 + 4*r - 3. Let a be c(-4). Let p(g) = 3*g + 15. Let i be p(-4). Suppose i*q + 2*t = t + a, 0 = -2*q - 4*t + 1530. Is q composite?
False
Let x = -4 - -8. Suppose 4*a = 5*k - 13649, -x*k - 5*a + 12139 - 1228 = 0. Is k composite?
False
Suppose 0 = 6*c - 12*c + 8214. Is c prime?
False
Suppose -18*i + 562 - 8338 = 0. Let x be (-250)/(-8)*2*2. Let s = x - i. Is s a prime number?
True
Let j(y) be the third derivative of -y**5/60 - y**4/3 - y**3/3 + 7*y**2. Let z be j(-7). Suppose z*f - 55 = 230. Is f composite?
True
Suppose -4*r - 3*b = -5 - 10, 2*r - 2*b - 18 = 0. Let i be r/4*(-10)/(-3). Suppose 203 = 6*g - i*g. Is g a composite number?
True
Suppose 26*c - 5055 = 23*c. Is c a composite number?
True
Let o = 21 + -7. Let n(p) = -p**2 + 25*p + 9. Is n(o) a prime number?
True
Suppose 0 = -g + 4*g - 4*v - 126, -3*g + 5*v = -129. Suppose 2*z - 4*z + g = 0. Is z prime?
True
Let m(u) = -2*u**3 + u. Let x be m(-1). Let f = 318 - x. Is f a composite number?
False
Suppose 0 = -15*w + 1025 + 940. Suppose -6*j + j + 5*x = 440, -192 = 2*j + 2*x. Let d = w + j. Is d prime?
False
Suppose -3*n + 6 = 4*f - 3*f, -12 = -2*f + 4*n. Suppose -f*v + 15057 = 3*v. Is v composite?
True
Let i = -39 + 41. Suppose -2*p + 5 - 13 = 0, -i*g + 990 = -4*p. Is g composite?
False
Let k = 5665 - 3814. Is k a composite number?
True
Suppose 4*a - k - 48 = 0, a + 3*k - 36 = -2*a. Let l = a + -7. Suppose l*w = 28 + 202. Is w composite?
True
Let x(f) = -f**2 - f + 18187. Let a be x(0). Is (a/39)/(2/6) a composite number?
False
Is -8*(-4)/(-8) + -2 + 17861 composite?
True
Is 3/(12/(-20)) + 2164 a composite number?
True
Suppose 18 = -5*s + 2*s. Let m be (1/(-1))/(3/s). Suppose -5*q + 253 = -3*k, -k + 65 = q + m*k. Is q a prime number?
True
Suppose -16*g - l + 562986 = -14*g, -2*g = 4*l - 562998. Is g prime?
False
Let d be (213 - 3)/(2/(-60)). Is (-3)/6 - d/8 a prime number?
True
Let a(j) = -16*j**3 - j**2 + j + 1. Suppose l - 2*w + 19 = 3*w, 0 = 4*l - w - 19. Let n(m) = m**3 - 5*m**2 - 5*m - 7. Let d be n(l). Is a(d) prime?
False
Let g(i) = -i**2 - 12*i - 18. Let v be g(-10). Suppose -4*o + 11172 = 7*l - 12*l, -3*o = v*l - 8402. Is o prime?
False
Let o be 0 + 6 + 1 + -2. Let c(d) = 53*d**2 - 11*d**3 - 44*d**2 + 10*d**3 - 6 + 0*d - d. Is c(o) a composite number?
False
Let l(w) be the second derivative of w**4/4 + 2*w**3/3 + 4*w**2 + 4*w. Is l(-9) a prime number?
False
Suppose -4*l + 2*l = 60. Let h be 3/((-12)/4) - l. Is h*(1 + -1 - -7) prime?
False
Let o = 12399 - 8708. Is o a composite number?
False
Let v = -38274 - -54191. Is v a composite number?
True
Suppose 0 = -4*q + 8, 4*q - 115055 + 1194 = -3*v. Is v a prime number?
True
Suppose 0 = -f + 11*b - 14*b + 701, 5*b - 709 = -f. Is f prime?
False
Let q(k) be the second derivative of 17*k**4/4 - k**2/2 - 2*k. Is q(-2) prime?
False
Let d = 8 + 5. Suppose -o = 3*q - d, 0 = -o + 1 + 3. Is 268/(-3)*q/(-2) prime?
False
Let u = -855 - -3890. Is u composite?
True
Let k = 4368 + -2971. Is k prime?
False
Let z = 3 + 39. Suppose -z - 166 = -4*p. Suppose -q = -25 - p. Is q prime?
False
Let f(z) = -z**2 + 6*z. Let m be f(6). Suppose 2 = -2*w + 3*c, 3*c - 8 = -3*w + 4. Is (w - m)*(-83)/(-2) prime?
True
Suppose 412515 = -23*s + 1857352. Is s prime?
True
Let u = 1671 + -1189. Let j = -13 + u. Is j a prime number?
False
Is -1*4*4/(-96)*27726 composite?
False
Suppose 3*s - 3*r = 12276, -11*r = -2*s - 16*r + 8177. Is s a prime number?
True
Let n be (14/35)/(2/10). Let m be n + -3 + -1 + 7. Suppose 2*t = -3*f + 377, 3*f - m*t = 217 + 174. Is f a composite number?
False
Let p(c) = c**3 + 18*c**2 + 16*c - 19. Let t be p(-17). Let v be -6 + t + (-1 - -1). Is (-2)/v - 1605/(-12) a composite number?
True
Let b(v) = -2*v**3 + 2*v**2 + 3*v + 12. Let d be b(-4). Is 9 + -8 - (-2 - d) prime?
True
Suppose 2*a - 88 = 4*r - 0*a, 88 = -5*r - 3*a. Is (-3)/(15/r) + 327 a composite number?
False
Suppose -3*d + 16353 + 39468 = 0. Is d a composite number?
True
Let b = 162 - 179. Let i = -94 - -168. Let q = i - b. Is q composite?
True
Let a(l) = -l**2 + 1039. Let b(c) = -c**3 + 2*c**2 - c. Let j be b(1). Is a(j) prime?
True
Let m(j) = 2046*j**2 - 3*j + 2. Let i(a) = 6137*a**2 - 9*a + 7. Let k(p) = -2*i(p) + 7*m(p). Is k(-1) prime?
False
Suppose 4*a + 5*o - 48 = 0, -a + 2*o - 43 = -6*a. Let y(c) = 3*c**3 + 3*c**2 - 18*c + 17. Is y(a) a composite number?
True
Let r(t) = 28*t + 27. Suppose 5*s - 2*q = 54, 0 = -s + 7*q - 2*q + 20. Is r(s) a prime number?
True
Suppose -1 = -2*n + 5*y, 5*n = -y + 4*y + 31. Let i = 1291 - n. Is i a prime number?
True
Let l(n) = -3*n**3 - 18*n**2 - 37*n + 23. Is l(-14) a composite number?
True
Let a be (-7)/(-5) + (-9)/(-15). Suppose 3 + 13 = -a*t. Is (t/(-4) - -1) + 188 a composite number?
False
Suppose z = -4*z + 25, 4*y - 3*z = 34829. Is y prime?
False
Let k(w) = -2*w**3 - 8*w**2 - 2*w - 18. Let a be k(6). Let s = -395 - a. Is s composite?
True
Let p(v) be the second derivative of 2*v**3 + 3/2*v**2 + 0 - 3*v - 1/20*v**5 + 0*v**4. Is p(-8) composite?
False
Let x = 8 + 17. Let w = x + -22. Suppose 378 = w*h - 57. Is h a composite number?
True
Suppose 0 = 7*v - 5*v + 84. Let z = v + 73. I